CRAN Package Check Results for Package DysPIAData

Last updated on 2021-12-04 22:59:32 CET.

Flavor Version Tinstall Tcheck Ttotal Status Flags
r-devel-linux-x86_64-debian-clang 0.1.2 2.01 39.20 41.21 OK
r-devel-linux-x86_64-debian-gcc 0.1.2 1.44 32.26 33.70 OK
r-devel-linux-x86_64-fedora-clang 0.1.2 52.02 NOTE
r-devel-linux-x86_64-fedora-gcc 0.1.2 41.09 NOTE
r-devel-windows-x86_64-new-UL 0.1.2 8.00 61.00 69.00 OK
r-devel-windows-x86_64-new-TK 0.1.2 NOTE
r-devel-windows-x86_64-old 0.1.2 4.00 35.00 39.00 OK
r-patched-linux-x86_64 0.1.2 2.12 30.58 32.70 OK
r-release-linux-x86_64 0.1.2 2.06 30.77 32.83 OK
r-release-macos-arm64 0.1.2 NOTE
r-release-macos-x86_64 0.1.2 NOTE
r-release-windows-ix86+x86_64 0.1.2 5.00 45.00 50.00 OK
r-oldrel-macos-x86_64 0.1.2 NOTE
r-oldrel-windows-ix86+x86_64 0.1.2 4.00 38.00 42.00 OK

Check Details

Version: 0.1.2
Check: data for non-ASCII characters
Result: NOTE
     Note: found 9 marked UTF-8 strings
Flavors: r-devel-linux-x86_64-fedora-clang, r-devel-linux-x86_64-fedora-gcc, r-devel-windows-x86_64-new-TK, r-release-macos-arm64, r-release-macos-x86_64, r-oldrel-macos-x86_64