CRAN Package Check Results for Package ECOSolveR

Last updated on 2021-12-02 22:55:51 CET.

Flavor Version Tinstall Tcheck Ttotal Status Flags
r-devel-linux-x86_64-debian-clang 0.5.4 15.05 36.27 51.32 NOTE
r-devel-linux-x86_64-debian-gcc 0.5.4 9.62 28.79 38.41 NOTE
r-devel-linux-x86_64-fedora-clang 0.5.4 77.64 NOTE
r-devel-linux-x86_64-fedora-gcc 0.5.4 63.77 NOTE
r-devel-windows-x86_64-new-UL 0.5.4 58.00 86.00 144.00 NOTE
r-devel-windows-x86_64-new-TK 0.5.4 NOTE
r-devel-windows-x86_64-old 0.5.4 39.00 46.00 85.00 NOTE
r-patched-linux-x86_64 0.5.4 11.58 35.16 46.74 NOTE
r-patched-solaris-x86 0.5.4 95.00 NOTE
r-release-linux-x86_64 0.5.4 12.22 34.82 47.04 NOTE
r-release-macos-arm64 0.5.4 NOTE
r-release-macos-x86_64 0.5.4 NOTE
r-release-windows-ix86+x86_64 0.5.4 70.00 76.00 146.00 NOTE
r-oldrel-macos-x86_64 0.5.4 NOTE
r-oldrel-windows-ix86+x86_64 0.5.4 78.00 74.00 152.00 NOTE

Check Details

Version: 0.5.4
Check: for GNU extensions in Makefiles
Result: NOTE
    GNU make is a SystemRequirements.
Flavors: r-devel-linux-x86_64-debian-clang, r-devel-linux-x86_64-debian-gcc, r-devel-linux-x86_64-fedora-clang, r-devel-linux-x86_64-fedora-gcc, r-devel-windows-x86_64-new-UL, r-devel-windows-x86_64-new-TK, r-devel-windows-x86_64-old, r-patched-linux-x86_64, r-patched-solaris-x86, r-release-linux-x86_64, r-release-macos-arm64, r-release-macos-x86_64, r-release-windows-ix86+x86_64, r-oldrel-macos-x86_64, r-oldrel-windows-ix86+x86_64