CRAN Package Check Results for Package ECoL

Last updated on 2022-01-25 22:56:55 CET.

Flavor Version Tinstall Tcheck Ttotal Status Flags
r-devel-linux-x86_64-debian-clang 0.3.0 3.62 57.02 60.64 NOTE
r-devel-linux-x86_64-debian-gcc 0.3.0 2.84 46.77 49.61 NOTE
r-devel-linux-x86_64-fedora-clang 0.3.0 72.62 NOTE
r-devel-linux-x86_64-fedora-gcc 0.3.0 60.19 NOTE
r-devel-windows-x86_64-new-UL 0.3.0 30.00 76.00 106.00 NOTE
r-devel-windows-x86_64-new-TK 0.3.0 NOTE
r-patched-linux-x86_64 0.3.0 3.72 53.82 57.54 NOTE
r-release-linux-x86_64 0.3.0 3.50 53.29 56.79 NOTE
r-release-macos-arm64 0.3.0 NOTE
r-release-macos-x86_64 0.3.0 NOTE
r-release-windows-ix86+x86_64 0.3.0 11.00 66.00 77.00 NOTE
r-oldrel-macos-x86_64 0.3.0 OK
r-oldrel-windows-ix86+x86_64 0.3.0 11.00 68.00 79.00 OK

Check Details

Version: 0.3.0
Check: LazyData
Result: NOTE
     'LazyData' is specified without a 'data' directory
Flavors: r-devel-linux-x86_64-debian-clang, r-devel-linux-x86_64-debian-gcc, r-devel-linux-x86_64-fedora-clang, r-devel-linux-x86_64-fedora-gcc, r-devel-windows-x86_64-new-UL, r-devel-windows-x86_64-new-TK, r-patched-linux-x86_64, r-release-linux-x86_64, r-release-macos-arm64, r-release-macos-x86_64, r-release-windows-ix86+x86_64