CRAN Package Check Results for Package EDNE.EQ

Last updated on 2022-01-18 22:47:22 CET.

Flavor Version Tinstall Tcheck Ttotal Status Flags
r-devel-linux-x86_64-debian-clang 1.0 2.12 34.22 36.34 OK
r-devel-linux-x86_64-debian-gcc 1.0 1.63 29.05 30.68 OK
r-devel-linux-x86_64-fedora-clang 1.0 45.38 NOTE
r-devel-linux-x86_64-fedora-gcc 1.0 33.96 OK
r-devel-windows-x86_64-new-UL 1.0 16.00 53.00 69.00 OK
r-devel-windows-x86_64-new-TK 1.0 OK
r-patched-linux-x86_64 1.0 1.83 33.21 35.04 OK
r-release-linux-x86_64 1.0 OK
r-release-macos-arm64 1.0 OK
r-release-macos-x86_64 1.0 OK
r-release-windows-ix86+x86_64 1.0 5.00 43.00 48.00 OK
r-oldrel-macos-x86_64 1.0 OK
r-oldrel-windows-ix86+x86_64 1.0 7.00 44.00 51.00 OK

Check Details

Version: 1.0
Check: Rd cross-references
Result: NOTE
    Undeclared package ‘T2EQ’ in Rd xrefs
Flavor: r-devel-linux-x86_64-fedora-clang