CRAN Package Check Results for Package EDOtrans

Last updated on 2022-01-15 21:52:09 CET.

Flavor Version Tinstall Tcheck Ttotal Status Flags
r-devel-linux-x86_64-debian-clang 0.2.0 14.63 133.48 148.11 OK
r-devel-linux-x86_64-debian-gcc 0.2.0 10.86 100.57 111.43 OK
r-devel-linux-x86_64-fedora-clang 0.2.0 182.18 OK
r-devel-linux-x86_64-fedora-gcc 0.2.0 165.05 OK
r-devel-windows-x86_64-new-UL 0.2.0 25.00 149.00 174.00 OK
r-devel-windows-x86_64-new-TK 0.2.0 ERROR
r-patched-linux-x86_64 0.2.0 14.95 126.79 141.74 OK
r-release-linux-x86_64 0.2.0 10.15 126.22 136.37 OK
r-release-macos-arm64 0.2.0 ERROR
r-release-macos-x86_64 0.2.0 ERROR
r-release-windows-ix86+x86_64 0.2.0 38.00 154.00 192.00 OK
r-oldrel-macos-x86_64 0.2.0 ERROR
r-oldrel-windows-ix86+x86_64 0.2.0 37.00 146.00 183.00 OK

Check Details

Version: 0.2.0
Check: package dependencies
Result: ERROR
    Package required but not available: 'opGMMassessment'
    
    See section 'The DESCRIPTION file' in the 'Writing R Extensions'
    manual.
Flavors: r-devel-windows-x86_64-new-TK, r-release-macos-arm64, r-release-macos-x86_64, r-oldrel-macos-x86_64