CRAN Package Check Results for Package EFA.MRFA

Last updated on 2022-01-26 22:54:48 CET.

Flavor Version Tinstall Tcheck Ttotal Status Flags
r-devel-linux-x86_64-debian-clang 1.1.2 2.74 52.72 55.46 OK
r-devel-linux-x86_64-debian-gcc 1.1.2 2.55 38.70 41.25 OK
r-devel-linux-x86_64-fedora-clang 1.1.2 66.94 NOTE
r-devel-linux-x86_64-fedora-gcc 1.1.2 55.90 NOTE
r-devel-windows-x86_64-new-UL 1.1.2 32.00 71.00 103.00 OK
r-devel-windows-x86_64-new-TK 1.1.2 NOTE
r-patched-linux-x86_64 1.1.2 4.38 47.76 52.14 OK
r-release-linux-x86_64 1.1.2 4.48 48.38 52.86 OK
r-release-macos-arm64 1.1.2 NOTE
r-release-macos-x86_64 1.1.2 NOTE
r-release-windows-ix86+x86_64 1.1.2 8.00 59.00 67.00 OK
r-oldrel-macos-x86_64 1.1.2 NOTE
r-oldrel-windows-ix86+x86_64 1.1.2 9.00 60.00 69.00 OK

Check Details

Version: 1.1.2
Check: dependencies in R code
Result: NOTE
    Namespace in Imports field not imported from: ‘PCovR’
     All declared Imports should be used.
Flavors: r-devel-linux-x86_64-fedora-clang, r-devel-linux-x86_64-fedora-gcc, r-devel-windows-x86_64-new-TK, r-release-macos-arm64, r-release-macos-x86_64, r-oldrel-macos-x86_64