CRAN Package Check Results for Package EMCluster

Last updated on 2021-12-03 22:57:38 CET.

Flavor Version Tinstall Tcheck Ttotal Status Flags
r-devel-linux-x86_64-debian-clang 0.2-13 24.72 80.04 104.76 NOTE
r-devel-linux-x86_64-debian-gcc 0.2-13 15.96 62.18 78.14 ERROR
r-devel-linux-x86_64-fedora-clang 0.2-13 148.81 NOTE
r-devel-linux-x86_64-fedora-gcc 0.2-13 127.80 NOTE
r-devel-windows-x86_64-new-UL 0.2-13 77.00 157.00 234.00 NOTE
r-devel-windows-x86_64-new-TK 0.2-13 NOTE
r-devel-windows-x86_64-old 0.2-13 47.00 88.00 135.00 OK
r-patched-linux-x86_64 0.2-13 20.13 78.17 98.30 NOTE
r-release-linux-x86_64 0.2-13 20.28 77.59 97.87 NOTE
r-release-macos-arm64 0.2-13 OK
r-release-macos-x86_64 0.2-13 OK
r-release-windows-ix86+x86_64 0.2-13 86.00 143.00 229.00 OK
r-oldrel-macos-x86_64 0.2-13 OK
r-oldrel-windows-ix86+x86_64 0.2-13 86.00 139.00 225.00 OK

Check Details

Version: 0.2-13
Check: package dependencies
Result: NOTE
    Package which this enhances but not available for checking: 'PPtree'
Flavors: r-devel-linux-x86_64-debian-clang, r-devel-linux-x86_64-debian-gcc, r-devel-linux-x86_64-fedora-clang, r-devel-linux-x86_64-fedora-gcc, r-devel-windows-x86_64-new-UL, r-devel-windows-x86_64-new-TK, r-patched-linux-x86_64, r-release-linux-x86_64

Version: 0.2-13
Check: examples
Result: ERROR
    Running examples in ‘EMCluster-Ex.R’ failed
    The error most likely occurred in:
    
    > base::assign(".ptime", proc.time(), pos = "CheckExEnv")
    > ### Name: Information Criteria
    > ### Title: Information Criteria for Model-Based Clustering
    > ### Aliases: em.ic em.aic em.bic em.clc em.icl em.icl.bic
    > ### Keywords: tool
    >
    > ### ** Examples
    >
    > library(EMCluster, quietly = TRUE)
    > x2 <- da2$da
    >
    > emobj <- list(pi = da2$pi, Mu = da2$Mu, LTSigma = da2$LTSigma)
    > em.ic(x2, emobj = emobj)
    Error in my.dmixmvn(x) : 'list' object cannot be coerced to type 'double'
    Calls: em.ic -> em.icl.bic -> dmixmvn -> my.dmixmvn
    Execution halted
Flavor: r-devel-linux-x86_64-debian-gcc