CRAN Package Check Results for Package EMDANNhybrid

Last updated on 2021-11-29 22:59:10 CET.

Flavor Version Tinstall Tcheck Ttotal Status Flags
r-devel-linux-x86_64-debian-clang 0.1.0 10.56 99.65 110.21 NOTE
r-devel-linux-x86_64-debian-gcc 0.1.0 7.89 75.04 82.93 NOTE
r-devel-linux-x86_64-fedora-clang 0.1.0 142.91 NOTE
r-devel-linux-x86_64-fedora-gcc 0.1.0 128.22 NOTE
r-devel-windows-x86_64-new-UL 0.1.0 21.00 137.00 158.00 NOTE
r-devel-windows-x86_64-new-TK 0.1.0 NOTE
r-devel-windows-x86_64-old 0.1.0 17.00 91.00 108.00 NOTE
r-patched-linux-x86_64 0.1.0 10.17 92.79 102.96 NOTE
r-patched-solaris-x86 0.1.0 191.80 NOTE
r-release-linux-x86_64 0.1.0 9.74 93.88 103.62 NOTE
r-release-macos-arm64 0.1.0 NOTE
r-release-macos-x86_64 0.1.0 NOTE
r-release-windows-ix86+x86_64 0.1.0 28.00 94.00 122.00 NOTE
r-oldrel-macos-x86_64 0.1.0 OK
r-oldrel-windows-ix86+x86_64 0.1.0 18.00 123.00 141.00 OK

Check Details

Version: 0.1.0
Check: LazyData
Result: NOTE
     'LazyData' is specified without a 'data' directory
Flavors: r-devel-linux-x86_64-debian-clang, r-devel-linux-x86_64-debian-gcc, r-devel-linux-x86_64-fedora-clang, r-devel-linux-x86_64-fedora-gcc, r-devel-windows-x86_64-new-UL, r-devel-windows-x86_64-new-TK, r-devel-windows-x86_64-old, r-patched-linux-x86_64, r-patched-solaris-x86, r-release-linux-x86_64, r-release-macos-arm64, r-release-macos-x86_64, r-release-windows-ix86+x86_64