CRAN Package Check Results for Package ETC

Last updated on 2023-09-29 21:53:52 CEST.

Flavor Version Tinstall Tcheck Ttotal Status Flags
r-devel-linux-x86_64-debian-clang 1.5 3.13 26.59 29.72 OK
r-devel-linux-x86_64-debian-gcc 1.5 2.26 20.50 22.76 OK
r-devel-linux-x86_64-fedora-clang 1.5 37.33 OK
r-devel-linux-x86_64-fedora-gcc 1.5 35.44 OK
r-devel-windows-x86_64 1.5 4.00 43.00 47.00 OK
r-patched-linux-x86_64 1.5 2.82 26.67 29.49 OK
r-release-linux-x86_64 1.5 2.73 26.33 29.06 OK
r-release-macos-arm64 1.5 17.00 OK
r-release-macos-x86_64 1.5 22.00 NOTE
r-release-windows-x86_64 1.5 3.00 45.00 48.00 OK
r-oldrel-macos-arm64 1.5 17.00 OK
r-oldrel-macos-x86_64 1.5 24.00 OK
r-oldrel-windows-x86_64 1.5 5.00 47.00 52.00 OK

Check Details

Version: 1.5
Check: package dependencies
Result: NOTE
    Packages suggested but not available for checking:
     'SimComp', 'multcomp', 'mratios'
Flavor: r-release-macos-x86_64