CRAN Package Check Results for Package EValue

Last updated on 2022-01-21 23:01:49 CET.

Flavor Version Tinstall Tcheck Ttotal Status Flags
r-devel-linux-x86_64-debian-clang 4.1.3 12.99 129.88 142.87 OK
r-devel-linux-x86_64-debian-gcc 4.1.3 10.41 97.05 107.46 OK
r-devel-linux-x86_64-fedora-clang 4.1.3 173.78 NOTE
r-devel-linux-x86_64-fedora-gcc 4.1.3 156.87 NOTE
r-devel-windows-x86_64-new-UL 4.1.3 46.00 169.00 215.00 OK
r-devel-windows-x86_64-new-TK 4.1.3 NOTE
r-patched-linux-x86_64 4.1.3 8.43 133.97 142.40 OK
r-release-linux-x86_64 4.1.3 8.63 135.17 143.80 OK
r-release-macos-arm64 4.1.3 NOTE
r-release-macos-x86_64 4.1.3 NOTE
r-release-windows-ix86+x86_64 4.1.3 27.00 173.00 200.00 OK
r-oldrel-macos-x86_64 4.1.3 NOTE
r-oldrel-windows-ix86+x86_64 4.1.3 27.00 169.00 196.00 OK

Check Details

Version: 4.1.3
Check: dependencies in R code
Result: NOTE
    Namespace in Imports field not imported from: ‘metadat’
     All declared Imports should be used.
Flavors: r-devel-linux-x86_64-fedora-clang, r-devel-linux-x86_64-fedora-gcc, r-devel-windows-x86_64-new-TK, r-release-macos-arm64, r-release-macos-x86_64, r-oldrel-macos-x86_64