CRAN Package Check Results for Package EZtune

Last updated on 2022-01-25 22:56:56 CET.

Flavor Version Tinstall Tcheck Ttotal Status Flags
r-devel-linux-x86_64-debian-clang 3.1.1 5.48 460.07 465.55 OK
r-devel-linux-x86_64-debian-gcc 3.1.1 4.98 375.67 380.65 OK
r-devel-linux-x86_64-fedora-clang 3.1.1 583.96 NOTE
r-devel-linux-x86_64-fedora-gcc 3.1.1 477.99 NOTE
r-devel-windows-x86_64-new-UL 3.1.1 27.00 406.00 433.00 OK
r-devel-windows-x86_64-new-TK 3.1.1 NOTE
r-patched-linux-x86_64 3.1.1 5.61 448.54 454.15 OK
r-release-linux-x86_64 3.1.1 5.77 413.31 419.08 OK
r-release-macos-arm64 3.1.1 NOTE
r-release-macos-x86_64 3.1.1 NOTE
r-release-windows-ix86+x86_64 3.1.1 10.00 397.00 407.00 OK
r-oldrel-macos-x86_64 3.1.1 NOTE
r-oldrel-windows-ix86+x86_64 3.1.1 11.00 484.00 495.00 OK

Check Details

Version: 3.1.1
Check: dependencies in R code
Result: NOTE
    Namespace in Imports field not imported from: ‘BiocStyle’
     All declared Imports should be used.
Flavors: r-devel-linux-x86_64-fedora-clang, r-devel-linux-x86_64-fedora-gcc, r-devel-windows-x86_64-new-TK, r-release-macos-arm64, r-release-macos-x86_64, r-oldrel-macos-x86_64