Last updated on 2023-03-21 22:56:05 CET.
Flavor | Version | Tinstall | Tcheck | Ttotal | Status | Flags |
---|---|---|---|---|---|---|
r-devel-linux-x86_64-debian-clang | 1.0.2 | 709.98 | 167.85 | 877.83 | OK | |
r-devel-linux-x86_64-debian-gcc | 1.0.2 | 596.44 | 149.89 | 746.33 | OK | |
r-devel-linux-x86_64-fedora-clang | 1.0.2 | 1117.87 | NOTE | |||
r-devel-linux-x86_64-fedora-gcc | 1.0.2 | 1340.88 | NOTE | |||
r-devel-windows-x86_64 | 1.0.2 | 490.00 | 273.00 | 763.00 | NOTE | |
r-patched-linux-x86_64 | 1.0.2 | 602.89 | 186.00 | 788.89 | OK | |
r-release-linux-x86_64 | 1.0.2 | 609.08 | 182.02 | 791.10 | OK | |
r-release-macos-arm64 | 1.0.2 | 274.00 | NOTE | |||
r-release-macos-x86_64 | 1.0.2 | 405.00 | NOTE | |||
r-release-windows-x86_64 | 1.0.2 | 501.00 | 299.00 | 800.00 | NOTE | |
r-oldrel-macos-arm64 | 1.0.2 | 247.00 | NOTE | |||
r-oldrel-macos-x86_64 | 1.0.2 | 405.00 | NOTE | |||
r-oldrel-windows-ix86+x86_64 | 1.0.2 | 845.00 | 321.00 | 1166.00 | NOTE |
Version: 1.0.2
Check: installed package size
Result: NOTE
installed size is 7.9Mb
sub-directories of 1Mb or more:
libs 6.8Mb
Flavors: r-devel-linux-x86_64-fedora-clang, r-devel-windows-x86_64, r-release-macos-arm64, r-release-macos-x86_64, r-release-windows-x86_64, r-oldrel-macos-arm64, r-oldrel-macos-x86_64, r-oldrel-windows-ix86+x86_64
Version: 1.0.2
Check: dependencies in R code
Result: NOTE
Namespaces in Imports field not imported from:
‘RcppParallel’ ‘rstantools’
All declared Imports should be used.
Flavors: r-devel-linux-x86_64-fedora-clang, r-devel-linux-x86_64-fedora-gcc
Version: 1.0.2
Check: for GNU extensions in Makefiles
Result: NOTE
GNU make is a SystemRequirements.
Flavors: r-devel-linux-x86_64-fedora-clang, r-devel-linux-x86_64-fedora-gcc, r-release-macos-arm64, r-release-macos-x86_64, r-oldrel-macos-arm64, r-oldrel-macos-x86_64