CRAN Package Check Results for Package EcoNetGen

Last updated on 2022-01-28 23:00:33 CET.

Flavor Version Tinstall Tcheck Ttotal Status Flags
r-devel-linux-x86_64-debian-clang 0.2.3 7.94 68.02 75.96 NOTE
r-devel-linux-x86_64-debian-gcc 0.2.3 5.68 52.15 57.83 NOTE
r-devel-linux-x86_64-fedora-clang 0.2.3 86.15 NOTE
r-devel-linux-x86_64-fedora-gcc 0.2.3 73.25 NOTE
r-devel-windows-x86_64-new-UL 0.2.3 24.00 96.00 120.00 NOTE
r-devel-windows-x86_64-new-TK 0.2.3 NOTE
r-patched-linux-x86_64 0.2.3 6.10 57.65 63.75 NOTE
r-release-linux-x86_64 0.2.3 6.12 57.41 63.53 NOTE
r-release-macos-arm64 0.2.3 NOTE
r-release-macos-x86_64 0.2.3 NOTE
r-release-windows-ix86+x86_64 0.2.3 22.00 92.00 114.00 NOTE
r-oldrel-macos-x86_64 0.2.3 OK
r-oldrel-windows-ix86+x86_64 0.2.3 22.00 96.00 118.00 OK

Check Details

Version: 0.2.3
Check: LazyData
Result: NOTE
     'LazyData' is specified without a 'data' directory
Flavors: r-devel-linux-x86_64-debian-clang, r-devel-linux-x86_64-debian-gcc, r-devel-linux-x86_64-fedora-clang, r-devel-linux-x86_64-fedora-gcc, r-devel-windows-x86_64-new-UL, r-devel-windows-x86_64-new-TK, r-patched-linux-x86_64, r-release-linux-x86_64, r-release-macos-arm64, r-release-macos-x86_64, r-release-windows-ix86+x86_64