CRAN Package Check Results for Package EnvStats

Last updated on 2021-12-06 21:51:12 CET.

Flavor Version Tinstall Tcheck Ttotal Status Flags
r-devel-linux-x86_64-debian-clang 2.4.0 64.07 472.43 536.50 OK
r-devel-linux-x86_64-debian-gcc 2.4.0 53.84 333.75 387.59 OK
r-devel-linux-x86_64-fedora-clang 2.4.0 660.09 NOTE
r-devel-linux-x86_64-fedora-gcc 2.4.0 639.17 OK
r-devel-windows-x86_64-new-UL 2.4.0 155.00 587.00 742.00 NOTE
r-devel-windows-x86_64-new-TK 2.4.0 OK
r-devel-windows-x86_64-old 2.4.0 105.00 405.00 510.00 NOTE
r-patched-linux-x86_64 2.4.0 82.03 433.03 515.06 OK
r-release-linux-x86_64 2.4.0 63.90 445.93 509.83 OK
r-release-macos-arm64 2.4.0 NOTE
r-release-macos-x86_64 2.4.0 NOTE
r-release-windows-ix86+x86_64 2.4.0 108.00 507.00 615.00 NOTE
r-oldrel-macos-x86_64 2.4.0 NOTE
r-oldrel-windows-ix86+x86_64 2.4.0 108.00 518.00 626.00 NOTE

Check Details

Version: 2.4.0
Check: installed package size
Result: NOTE
     installed size is 6.4Mb
     sub-directories of 1Mb or more:
     R 2.3Mb
     help 3.4Mb
Flavors: r-devel-linux-x86_64-fedora-clang, r-devel-windows-x86_64-new-UL, r-devel-windows-x86_64-old, r-release-macos-arm64, r-release-macos-x86_64, r-release-windows-ix86+x86_64, r-oldrel-macos-x86_64, r-oldrel-windows-ix86+x86_64

Version: 2.4.0
Check: Rd cross-references
Result: NOTE
    Undeclared package ‘Hmisc’ in Rd xrefs
Flavor: r-devel-linux-x86_64-fedora-clang