CRAN Package Check Results for Package EstHer

Last updated on 2022-01-15 21:52:10 CET.

Flavor Version Tinstall Tcheck Ttotal Status Flags
r-devel-linux-x86_64-debian-clang 1.0 31.76 85.40 117.16 OK
r-devel-linux-x86_64-debian-gcc 1.0 25.29 65.78 91.07 OK
r-devel-linux-x86_64-fedora-clang 1.0 158.18 NOTE
r-devel-linux-x86_64-fedora-gcc 1.0 135.82 NOTE
r-devel-windows-x86_64-new-UL 1.0 42.00 122.00 164.00 OK
r-devel-windows-x86_64-new-TK 1.0 OK
r-patched-linux-x86_64 1.0 30.33 81.80 112.13 OK
r-release-linux-x86_64 1.0 27.75 81.81 109.56 OK
r-release-macos-arm64 1.0 OK
r-release-macos-x86_64 1.0 OK
r-release-windows-ix86+x86_64 1.0 80.00 145.00 225.00 OK
r-oldrel-macos-x86_64 1.0 OK
r-oldrel-windows-ix86+x86_64 1.0 81.00 140.00 221.00 OK

Check Details

Version: 1.0
Check: compiled code
Result: NOTE
    File ‘EstHer/libs/EstHer.so’:
     Found no calls to: ‘R_registerRoutines’, ‘R_useDynamicSymbols’
    
    It is good practice to register native routines and to disable symbol
    search.
    
    See ‘Writing portable packages’ in the ‘Writing R Extensions’ manual.
Flavors: r-devel-linux-x86_64-fedora-clang, r-devel-linux-x86_64-fedora-gcc