CRAN Package Check Results for Package EstimateGroupNetwork

Last updated on 2022-01-24 22:56:25 CET.

Flavor Version Tinstall Tcheck Ttotal Status Flags
r-devel-linux-x86_64-debian-clang 0.3.1 14.78 119.83 134.61 NOTE
r-devel-linux-x86_64-debian-gcc 0.3.1 9.39 86.81 96.20 NOTE
r-devel-linux-x86_64-fedora-clang 0.3.1 162.77 NOTE
r-devel-linux-x86_64-fedora-gcc 0.3.1 153.00 NOTE
r-devel-windows-x86_64-new-UL 0.3.1 80.00 134.00 214.00 NOTE
r-devel-windows-x86_64-new-TK 0.3.1 NOTE
r-patched-linux-x86_64 0.3.1 13.57 111.16 124.73 NOTE
r-release-linux-x86_64 0.3.1 8.61 110.95 119.56 NOTE
r-release-macos-arm64 0.3.1 NOTE
r-release-macos-x86_64 0.3.1 NOTE
r-release-windows-ix86+x86_64 0.3.1 31.00 128.00 159.00 NOTE
r-oldrel-macos-x86_64 0.3.1 OK
r-oldrel-windows-ix86+x86_64 0.3.1 32.00 131.00 163.00 OK

Check Details

Version: 0.3.1
Check: LazyData
Result: NOTE
     'LazyData' is specified without a 'data' directory
Flavors: r-devel-linux-x86_64-debian-clang, r-devel-linux-x86_64-debian-gcc, r-devel-linux-x86_64-fedora-clang, r-devel-linux-x86_64-fedora-gcc, r-devel-windows-x86_64-new-UL, r-devel-windows-x86_64-new-TK, r-patched-linux-x86_64, r-release-linux-x86_64, r-release-macos-arm64, r-release-macos-x86_64, r-release-windows-ix86+x86_64