CRAN Package Check Results for Package EvoPhylo

Last updated on 2024-02-23 23:10:05 CET.

Flavor Version Tinstall Tcheck Ttotal Status Flags
r-devel-linux-x86_64-debian-clang 0.3.2 OK
r-devel-linux-x86_64-debian-gcc 0.3.2 9.47 221.71 231.18 OK
r-devel-linux-x86_64-fedora-clang 0.3.2 385.39 NOTE
r-devel-linux-x86_64-fedora-gcc 0.3.2 385.32 OK
r-devel-windows-x86_64 0.3.2 13.00 233.00 246.00 NOTE
r-patched-linux-x86_64 0.3.2 16.74 296.57 313.31 OK
r-release-linux-x86_64 0.3.2 8.95 296.07 305.02 OK
r-release-macos-arm64 0.3.2 129.00 NOTE
r-release-macos-x86_64 0.3.2 179.00 NOTE
r-release-windows-x86_64 0.3.2 16.00 296.00 312.00 NOTE
r-oldrel-macos-arm64 0.3.2 146.00 NOTE
r-oldrel-windows-x86_64 0.3.2 17.00 304.00 321.00 NOTE

Check Details

Version: 0.3.2
Check: installed package size
Result: NOTE installed size is 6.8Mb sub-directories of 1Mb or more: data 2.5Mb doc 1.6Mb extdata 2.4Mb Flavors: r-devel-linux-x86_64-fedora-clang, r-devel-windows-x86_64, r-release-macos-arm64, r-release-macos-x86_64, r-release-windows-x86_64, r-oldrel-macos-arm64, r-oldrel-windows-x86_64