Last updated on 2023-03-29 23:09:02 CEST.
Flavor | Version | Tinstall | Tcheck | Ttotal | Status | Flags |
---|---|---|---|---|---|---|
r-devel-linux-x86_64-debian-clang | 0.5.3 | 10.11 | 136.65 | 146.76 | OK | |
r-devel-linux-x86_64-debian-gcc | 0.5.3 | 8.12 | 100.99 | 109.11 | OK | |
r-devel-linux-x86_64-fedora-clang | 0.5.3 | 188.55 | OK | |||
r-devel-linux-x86_64-fedora-gcc | 0.5.3 | 184.93 | OK | |||
r-devel-windows-x86_64 | 0.5.3 | 44.00 | 189.00 | 233.00 | OK | |
r-patched-linux-x86_64 | 0.5.3 | 9.01 | 125.42 | 134.43 | OK | |
r-release-linux-x86_64 | 0.5.3 | 6.86 | 132.84 | 139.70 | OK | |
r-release-macos-arm64 | 0.5.3 | 56.00 | OK | |||
r-release-macos-x86_64 | 0.5.3 | 96.00 | OK | |||
r-release-windows-x86_64 | 0.5.3 | 50.00 | 184.00 | 234.00 | OK | |
r-oldrel-macos-arm64 | 0.5.3 | 65.00 | OK | |||
r-oldrel-macos-x86_64 | 0.5.3 | 93.00 | OK | |||
r-oldrel-windows-ix86+x86_64 | 0.5.3 | 24.00 | 166.00 | 190.00 | NOTE |
Version: 0.5.3
Check: R code for possible problems
Result: NOTE
Initiating curl with CURL_SSL_BACKEND: openssl
Flavor: r-oldrel-windows-ix86+x86_64