CRAN Package Check Results for Package Exact

Last updated on 2021-12-04 22:59:33 CET.

Flavor Version Tinstall Tcheck Ttotal Status Flags
r-devel-linux-x86_64-debian-clang 3.1 5.71 48.30 54.01 NOTE
r-devel-linux-x86_64-debian-gcc 3.1 4.43 36.98 41.41 NOTE
r-devel-linux-x86_64-fedora-clang 3.1 68.86 NOTE
r-devel-linux-x86_64-fedora-gcc 3.1 54.87 NOTE
r-devel-windows-x86_64-new-UL 3.1 12.00 75.00 87.00 NOTE
r-devel-windows-x86_64-new-TK 3.1 NOTE
r-devel-windows-x86_64-old 3.1 9.00 40.00 49.00 NOTE
r-patched-linux-x86_64 3.1 5.48 37.53 43.01 NOTE
r-release-linux-x86_64 3.1 5.63 37.66 43.29 NOTE
r-release-macos-arm64 3.1 NOTE
r-release-macos-x86_64 3.1 NOTE
r-release-windows-ix86+x86_64 3.1 10.00 55.00 65.00 NOTE
r-oldrel-macos-x86_64 3.1 NOTE
r-oldrel-windows-ix86+x86_64 3.1 16.00 44.00 60.00 NOTE

Check Details

Version: 3.1
Check: package dependencies
Result: NOTE
    Package suggested but not available for checking: 'ExactData'
Flavors: r-devel-linux-x86_64-debian-clang, r-devel-linux-x86_64-debian-gcc, r-devel-linux-x86_64-fedora-clang, r-devel-linux-x86_64-fedora-gcc, r-devel-windows-x86_64-new-UL, r-devel-windows-x86_64-new-TK, r-devel-windows-x86_64-old, r-patched-linux-x86_64, r-release-linux-x86_64, r-release-macos-arm64, r-release-macos-x86_64, r-release-windows-ix86+x86_64, r-oldrel-macos-x86_64, r-oldrel-windows-ix86+x86_64