CRAN Package Check Results for Package ExtractTrainData

Last updated on 2021-11-26 23:03:24 CET.

Flavor Version Tinstall Tcheck Ttotal Status Flags
r-devel-linux-x86_64-debian-clang 9.1.5 23.62 217.16 240.78 NOTE
r-devel-linux-x86_64-debian-gcc 9.1.5 19.19 162.29 181.48 NOTE
r-devel-linux-x86_64-fedora-clang 9.1.5 295.23 NOTE
r-devel-linux-x86_64-fedora-gcc 9.1.5 288.85 NOTE
r-devel-windows-x86_64-new-UL 9.1.5 36.00 247.00 283.00 NOTE
r-devel-windows-x86_64-new-TK 9.1.5 NOTE
r-devel-windows-x86_64-old 9.1.5 29.00 196.00 225.00 NOTE
r-patched-linux-x86_64 9.1.5 23.07 211.01 234.08 NOTE
r-patched-solaris-x86 9.1.5 352.80 NOTE
r-release-linux-x86_64 9.1.5 NOTE
r-release-macos-arm64 9.1.5 NOTE
r-release-macos-x86_64 9.1.5 NOTE
r-release-windows-ix86+x86_64 9.1.5 59.00 250.00 309.00 NOTE
r-oldrel-macos-x86_64 9.1.5 OK
r-oldrel-windows-ix86+x86_64 9.1.5 36.00 240.00 276.00 OK

Check Details

Version: 9.1.5
Check: LazyData
Result: NOTE
     'LazyData' is specified without a 'data' directory
Flavors: r-devel-linux-x86_64-debian-clang, r-devel-linux-x86_64-debian-gcc, r-devel-linux-x86_64-fedora-clang, r-devel-linux-x86_64-fedora-gcc, r-devel-windows-x86_64-new-UL, r-devel-windows-x86_64-new-TK, r-devel-windows-x86_64-old, r-patched-linux-x86_64, r-patched-solaris-x86, r-release-linux-x86_64, r-release-macos-arm64, r-release-macos-x86_64, r-release-windows-ix86+x86_64