CRAN Package Check Results for Package FBFsearch

Last updated on 2021-11-27 22:56:56 CET.

Flavor Version Tinstall Tcheck Ttotal Status Flags
r-devel-linux-x86_64-debian-clang 1.1 OK
r-devel-linux-x86_64-debian-gcc 1.1 19.37 25.97 45.34 OK
r-devel-linux-x86_64-fedora-clang 1.1 88.99 NOTE
r-devel-linux-x86_64-fedora-gcc 1.1 75.42 NOTE
r-devel-windows-x86_64-new-UL 1.1 39.00 94.00 133.00 OK
r-devel-windows-x86_64-new-TK 1.1 OK
r-devel-windows-x86_64-old 1.1 24.00 65.00 89.00 OK
r-patched-linux-x86_64 1.1 22.96 31.00 53.96 OK
r-patched-solaris-x86 1.1 94.50 OK
r-release-linux-x86_64 1.1 OK
r-release-macos-arm64 1.1 NOTE
r-release-macos-x86_64 1.1 NOTE
r-release-windows-ix86+x86_64 1.1 64.00 58.00 122.00 NOTE
r-oldrel-macos-x86_64 1.1 NOTE
r-oldrel-windows-ix86+x86_64 1.1 49.00 78.00 127.00 NOTE

Additional issues

clang-UBSAN

Check Details

Version: 1.1
Check: installed package size
Result: NOTE
     installed size is 5.4Mb
     sub-directories of 1Mb or more:
     data 3.5Mb
     libs 1.8Mb
Flavors: r-devel-linux-x86_64-fedora-clang, r-release-macos-arm64, r-release-macos-x86_64, r-release-windows-ix86+x86_64, r-oldrel-macos-x86_64, r-oldrel-windows-ix86+x86_64

Version: 1.1
Check: compiled code
Result: NOTE
    File ‘FBFsearch/libs/FBFsearch.so’:
     Found no calls to: ‘R_registerRoutines’, ‘R_useDynamicSymbols’
    
    It is good practice to register native routines and to disable symbol
    search.
    
    See ‘Writing portable packages’ in the ‘Writing R Extensions’ manual.
Flavors: r-devel-linux-x86_64-fedora-clang, r-devel-linux-x86_64-fedora-gcc