CRAN Package Check Results for Package FCPS

Last updated on 2021-11-27 22:56:56 CET.

Flavor Version Tinstall Tcheck Ttotal Status Flags
r-devel-linux-x86_64-debian-clang 1.3.0 OK
r-devel-linux-x86_64-debian-gcc 1.3.0 10.34 132.14 142.48 OK
r-devel-linux-x86_64-fedora-clang 1.3.0 254.35 NOTE
r-devel-linux-x86_64-fedora-gcc 1.3.0 233.66 OK
r-devel-windows-x86_64-new-UL 1.3.0 32.00 263.00 295.00 NOTE
r-devel-windows-x86_64-new-TK 1.3.0 OK
r-devel-windows-x86_64-old 1.3.0 17.00 220.00 237.00 NOTE
r-patched-linux-x86_64 1.3.0 11.47 167.48 178.95 OK
r-patched-solaris-x86 1.3.0 230.60 NOTE
r-release-linux-x86_64 1.3.0 OK
r-release-macos-arm64 1.3.0 NOTE
r-release-macos-x86_64 1.3.0 NOTE
r-release-windows-ix86+x86_64 1.3.0 26.00 249.00 275.00 NOTE
r-oldrel-macos-x86_64 1.3.0 NOTE
r-oldrel-windows-ix86+x86_64 1.3.0 37.00 245.00 282.00 NOTE

Check Details

Version: 1.3.0
Check: installed package size
Result: NOTE
     installed size is 6.5Mb
     sub-directories of 1Mb or more:
     data 2.4Mb
     doc 3.5Mb
Flavors: r-devel-linux-x86_64-fedora-clang, r-devel-windows-x86_64-new-UL, r-devel-windows-x86_64-old, r-patched-solaris-x86, r-release-macos-arm64, r-release-macos-x86_64, r-release-windows-ix86+x86_64, r-oldrel-macos-x86_64, r-oldrel-windows-ix86+x86_64