CRAN Package Check Results for Package FHtest

Last updated on 2024-02-25 23:02:07 CET.

Flavor Version Tinstall Tcheck Ttotal Status Flags
r-devel-linux-x86_64-debian-clang 1.5.1 8.76 84.04 92.80 OK
r-devel-linux-x86_64-debian-gcc 1.5.1 7.12 64.30 71.42 OK
r-devel-linux-x86_64-fedora-clang 1.5.1 133.25 NOTE
r-devel-linux-x86_64-fedora-gcc 1.5.1 111.71 OK
r-devel-windows-x86_64 1.5.1 8.00 88.00 96.00 OK
r-patched-linux-x86_64 1.5.1 7.64 83.27 90.91 OK
r-release-linux-x86_64 1.5.1 6.59 85.24 91.83 OK
r-release-macos-arm64 1.5.1 43.00 OK
r-release-macos-x86_64 1.5.1 89.00 OK
r-release-windows-x86_64 1.5.1 11.00 97.00 108.00 OK
r-oldrel-macos-arm64 1.5.1 42.00 OK
r-oldrel-windows-x86_64 1.5.1 11.00 101.00 112.00 OK

Check Details

Version: 1.5.1
Check: Rd cross-references
Result: NOTE Undeclared packages ‘MLEcens’, ‘Icens’ in Rd xrefs Flavor: r-devel-linux-x86_64-fedora-clang