CRAN Package Check Results for Package FHtest

Last updated on 2022-01-26 22:54:50 CET.

Flavor Version Tinstall Tcheck Ttotal Status Flags
r-devel-linux-x86_64-debian-clang 1.5 7.38 89.83 97.21 OK
r-devel-linux-x86_64-debian-gcc 1.5 6.36 68.64 75.00 OK
r-devel-linux-x86_64-fedora-clang 1.5 115.10 NOTE
r-devel-linux-x86_64-fedora-gcc 1.5 109.77 OK
r-devel-windows-x86_64-new-UL 1.5 31.00 112.00 143.00 OK
r-devel-windows-x86_64-new-TK 1.5 OK
r-patched-linux-x86_64 1.5 8.23 84.47 92.70 OK
r-release-linux-x86_64 1.5 7.73 82.56 90.29 OK
r-release-macos-arm64 1.5 OK
r-release-macos-x86_64 1.5 OK
r-release-windows-ix86+x86_64 1.5 21.00 100.00 121.00 OK
r-oldrel-macos-x86_64 1.5 OK
r-oldrel-windows-ix86+x86_64 1.5 21.00 99.00 120.00 OK

Check Details

Version: 1.5
Check: Rd cross-references
Result: NOTE
    Undeclared packages ‘MLEcens’, ‘Icens’ in Rd xrefs
Flavor: r-devel-linux-x86_64-fedora-clang