CRAN Package Check Results for Package FOCI

Last updated on 2021-12-04 22:59:34 CET.

Flavor Version Tinstall Tcheck Ttotal Status Flags
r-devel-linux-x86_64-debian-clang 0.1.3 2.78 69.42 72.20 NOTE
r-devel-linux-x86_64-debian-gcc 0.1.3 2.23 48.17 50.40 NOTE
r-devel-linux-x86_64-fedora-clang 0.1.3 86.51 NOTE
r-devel-linux-x86_64-fedora-gcc 0.1.3 76.18 NOTE
r-devel-windows-x86_64-new-UL 0.1.3 7.00 98.00 105.00 NOTE
r-devel-windows-x86_64-new-TK 0.1.3 NOTE
r-devel-windows-x86_64-old 0.1.3 5.00 63.00 68.00 NOTE
r-patched-linux-x86_64 0.1.3 2.75 59.36 62.11 NOTE
r-release-linux-x86_64 0.1.3 2.54 59.46 62.00 NOTE
r-release-macos-arm64 0.1.3 NOTE
r-release-macos-x86_64 0.1.3 NOTE
r-release-windows-ix86+x86_64 0.1.3 9.00 83.00 92.00 NOTE
r-oldrel-macos-x86_64 0.1.3 OK
r-oldrel-windows-ix86+x86_64 0.1.3 7.00 83.00 90.00 OK

Check Details

Version: 0.1.3
Check: LazyData
Result: NOTE
     'LazyData' is specified without a 'data' directory
Flavors: r-devel-linux-x86_64-debian-clang, r-devel-linux-x86_64-debian-gcc, r-devel-linux-x86_64-fedora-clang, r-devel-linux-x86_64-fedora-gcc, r-devel-windows-x86_64-new-UL, r-devel-windows-x86_64-new-TK, r-devel-windows-x86_64-old, r-patched-linux-x86_64, r-release-linux-x86_64, r-release-macos-arm64, r-release-macos-x86_64, r-release-windows-ix86+x86_64

Version: 0.1.3
Check: Rd cross-references
Result: NOTE
    Undeclared package ‘XICOR’ in Rd xrefs
Flavor: r-devel-linux-x86_64-fedora-clang