CRAN Package Check Results for Package FSAdata

Last updated on 2022-05-15 22:51:37 CEST.

Flavor Version Tinstall Tcheck Ttotal Status Flags
r-devel-linux-x86_64-debian-clang 0.3.9 4.61 49.59 54.20 OK
r-devel-linux-x86_64-debian-gcc 0.3.9 4.31 37.80 42.11 OK
r-devel-linux-x86_64-fedora-clang 0.3.9 68.99 NOTE
r-devel-linux-x86_64-fedora-gcc 0.3.9 66.63 OK
r-devel-windows-x86_64 0.3.9 138.00 84.00 222.00 OK
r-patched-linux-x86_64 0.3.9 7.45 47.15 54.60 OK
r-release-linux-x86_64 0.3.9 5.30 47.05 52.35 OK
r-release-macos-arm64 0.3.9 23.00 OK
r-release-macos-x86_64 0.3.9 33.00 OK
r-release-windows-x86_64 0.3.9 37.00 82.00 119.00 OK
r-oldrel-macos-arm64 0.3.9 18.00 OK
r-oldrel-macos-x86_64 0.3.9 33.00 OK
r-oldrel-windows-ix86+x86_64 0.3.9 12.00 65.00 77.00 OK

Check Details

Version: 0.3.9
Check: Rd cross-references
Result: NOTE
    Undeclared package ‘FSA’ in Rd xrefs
Flavor: r-devel-linux-x86_64-fedora-clang