CRAN Package Check Results for Package FSinR

Last updated on 2022-01-21 23:01:50 CET.

Flavor Version Tinstall Tcheck Ttotal Status Flags
r-devel-linux-x86_64-debian-clang 2.0.5 18.53 336.29 354.82 OK
r-devel-linux-x86_64-debian-gcc 2.0.5 16.73 241.68 258.41 OK
r-devel-linux-x86_64-fedora-clang 2.0.5 425.13 NOTE
r-devel-linux-x86_64-fedora-gcc 2.0.5 405.53 NOTE
r-devel-windows-x86_64-new-UL 2.0.5 67.00 360.00 427.00 OK
r-devel-windows-x86_64-new-TK 2.0.5 NOTE
r-patched-linux-x86_64 2.0.5 19.43 325.36 344.79 OK
r-release-linux-x86_64 2.0.5 14.17 325.09 339.26 OK
r-release-macos-arm64 2.0.5 NOTE
r-release-macos-x86_64 2.0.5 NOTE
r-release-windows-ix86+x86_64 2.0.5 41.00 372.00 413.00 OK
r-oldrel-macos-x86_64 2.0.5 NOTE
r-oldrel-windows-ix86+x86_64 2.0.5 42.00 380.00 422.00 OK

Check Details

Version: 2.0.5
Check: dependencies in R code
Result: NOTE
    Namespaces in Imports field not imported from:
     ‘class’ ‘mlbench’ ‘neuralnet’ ‘rpart’
     All declared Imports should be used.
Flavors: r-devel-linux-x86_64-fedora-clang, r-devel-linux-x86_64-fedora-gcc, r-devel-windows-x86_64-new-TK, r-release-macos-arm64, r-release-macos-x86_64, r-oldrel-macos-x86_64