CRAN Package Check Results for Package FactMixtAnalysis

Last updated on 2022-01-18 22:47:23 CET.

Flavor Version Tinstall Tcheck Ttotal Status Flags
r-devel-linux-x86_64-debian-clang 1.0 2.05 34.91 36.96 NOTE
r-devel-linux-x86_64-debian-gcc 1.0 2.20 29.22 31.42 NOTE
r-devel-linux-x86_64-fedora-clang 1.0 48.05 NOTE
r-devel-linux-x86_64-fedora-gcc 1.0 34.48 NOTE
r-devel-windows-x86_64-new-UL 1.0 54.00 54.00 108.00 NOTE
r-devel-windows-x86_64-new-TK 1.0 NOTE
r-patched-linux-x86_64 1.0 2.49 33.11 35.60 NOTE
r-release-linux-x86_64 1.0 NOTE
r-release-macos-arm64 1.0 NOTE
r-release-macos-x86_64 1.0 NOTE
r-release-windows-ix86+x86_64 1.0 5.00 43.00 48.00 NOTE
r-oldrel-macos-x86_64 1.0 NOTE
r-oldrel-windows-ix86+x86_64 1.0 5.00 41.00 46.00 NOTE

Check Details

Version: 1.0
Check: DESCRIPTION meta-information
Result: NOTE
    Malformed Description field: should contain one or more complete sentences.
Flavors: r-devel-linux-x86_64-debian-clang, r-devel-linux-x86_64-debian-gcc, r-devel-linux-x86_64-fedora-clang, r-devel-linux-x86_64-fedora-gcc, r-devel-windows-x86_64-new-UL, r-devel-windows-x86_64-new-TK, r-patched-linux-x86_64, r-release-linux-x86_64, r-release-macos-arm64, r-release-macos-x86_64, r-release-windows-ix86+x86_64, r-oldrel-macos-x86_64, r-oldrel-windows-ix86+x86_64

Version: 1.0
Check: R code for possible problems
Result: NOTE
    fma: no visible global function definition for 'factanal'
    fma: no visible global function definition for 'runif'
    fma: no visible global function definition for 'kmeans'
    fma: no visible global function definition for 'var'
    fma.em.alg: no visible global function definition for 'var'
    misc : q: no visible global function definition for 'name'
    Undefined global functions or variables:
     factanal kmeans name runif var
    Consider adding
     importFrom("stats", "factanal", "kmeans", "runif", "var")
    to your NAMESPACE file.
Flavors: r-devel-linux-x86_64-debian-clang, r-devel-linux-x86_64-debian-gcc, r-devel-linux-x86_64-fedora-clang, r-devel-linux-x86_64-fedora-gcc, r-devel-windows-x86_64-new-UL, r-devel-windows-x86_64-new-TK, r-patched-linux-x86_64, r-release-linux-x86_64, r-release-macos-arm64, r-release-macos-x86_64, r-release-windows-ix86+x86_64, r-oldrel-macos-x86_64, r-oldrel-windows-ix86+x86_64

Version: 1.0
Check: Rd line widths
Result: NOTE
    Rd file 'fma.Rd':
     \usage lines wider than 90 characters:
     fma(y, k, r, x.z = NULL, x.w = NULL, it = 15, eps = 1e-04, seed = 4, scaling = FALSE, init = NULL)
    
    These lines will be truncated in the PDF manual.
Flavors: r-devel-linux-x86_64-debian-clang, r-devel-linux-x86_64-debian-gcc, r-devel-linux-x86_64-fedora-clang, r-devel-linux-x86_64-fedora-gcc, r-patched-linux-x86_64, r-release-linux-x86_64