CRAN Package Check Results for Package FactoClass

Last updated on 2021-12-08 22:57:35 CET.

Flavor Version Tinstall Tcheck Ttotal Status Flags
r-devel-linux-x86_64-debian-clang 1.2.7 9.98 81.19 91.17 NOTE
r-devel-linux-x86_64-debian-gcc 1.2.7 7.23 61.04 68.27 NOTE
r-devel-linux-x86_64-fedora-clang 1.2.7 107.71 NOTE
r-devel-linux-x86_64-fedora-gcc 1.2.7 95.44 NOTE
r-devel-windows-x86_64-new-UL 1.2.7 22.00 114.00 136.00 OK
r-devel-windows-x86_64-new-TK 1.2.7 OK
r-devel-windows-x86_64-old 1.2.7 15.00 99.00 114.00 OK
r-patched-linux-x86_64 1.2.7 10.11 73.59 83.70 NOTE
r-release-linux-x86_64 1.2.7 8.30 73.57 81.87 NOTE
r-release-macos-arm64 1.2.7 OK
r-release-macos-x86_64 1.2.7 OK
r-release-windows-ix86+x86_64 1.2.7 19.00 119.00 138.00 OK
r-oldrel-macos-x86_64 1.2.7 OK
r-oldrel-windows-ix86+x86_64 1.2.7 24.00 123.00 147.00 OK

Check Details

Version: 1.2.7
Check: for non-standard things in the check directory
Result: NOTE
    Found the following files/directories:
     'Bogota.tex' 'DogBreeds1.tex'
Flavors: r-devel-linux-x86_64-debian-clang, r-devel-linux-x86_64-debian-gcc, r-devel-linux-x86_64-fedora-clang, r-devel-linux-x86_64-fedora-gcc, r-patched-linux-x86_64, r-release-linux-x86_64