CRAN Package Check Results for Package FactorAssumptions

Last updated on 2022-01-17 22:54:37 CET.

Flavor Version Tinstall Tcheck Ttotal Status Flags
r-devel-linux-x86_64-debian-clang 1.1.2 2.06 40.44 42.50 NOTE
r-devel-linux-x86_64-debian-gcc 1.1.2 2.12 31.63 33.75 NOTE
r-devel-linux-x86_64-fedora-clang 1.1.2 53.60 NOTE
r-devel-linux-x86_64-fedora-gcc 1.1.2 41.07 NOTE
r-devel-windows-x86_64-new-UL 1.1.2 65.00 67.00 132.00 NOTE
r-devel-windows-x86_64-new-TK 1.1.2 NOTE
r-patched-linux-x86_64 1.1.2 1.67 37.27 38.94 NOTE
r-release-linux-x86_64 1.1.2 NOTE
r-release-macos-arm64 1.1.2 NOTE
r-release-macos-x86_64 1.1.2 NOTE
r-release-windows-ix86+x86_64 1.1.2 7.00 51.00 58.00 NOTE
r-oldrel-macos-x86_64 1.1.2 OK
r-oldrel-windows-ix86+x86_64 1.1.2 7.00 49.00 56.00 OK

Check Details

Version: 1.1.2
Check: LazyData
Result: NOTE
     'LazyData' is specified without a 'data' directory
Flavors: r-devel-linux-x86_64-debian-clang, r-devel-linux-x86_64-debian-gcc, r-devel-linux-x86_64-fedora-clang, r-devel-linux-x86_64-fedora-gcc, r-devel-windows-x86_64-new-UL, r-devel-windows-x86_64-new-TK, r-patched-linux-x86_64, r-release-linux-x86_64, r-release-macos-arm64, r-release-macos-x86_64, r-release-windows-ix86+x86_64