CRAN Package Check Results for Package FastHCS

Last updated on 2021-11-27 22:56:56 CET.

Flavor Version Tinstall Tcheck Ttotal Status Flags
r-devel-linux-x86_64-debian-clang 0.0.7 OK
r-devel-linux-x86_64-debian-gcc 0.0.7 30.83 23.37 54.20 OK
r-devel-linux-x86_64-fedora-clang 0.0.7 106.55 NOTE
r-devel-linux-x86_64-fedora-gcc 0.0.7 90.06 NOTE
r-devel-windows-x86_64-new-UL 0.0.7 48.00 93.00 141.00 OK
r-devel-windows-x86_64-new-TK 0.0.7 OK
r-devel-windows-x86_64-old 0.0.7 34.00 62.00 96.00 OK
r-patched-linux-x86_64 0.0.7 36.83 27.75 64.58 OK
r-patched-solaris-x86 0.0.7 85.20 OK
r-release-linux-x86_64 0.0.7 OK
r-release-macos-arm64 0.0.7 NOTE
r-release-macos-x86_64 0.0.7 NOTE
r-release-windows-ix86+x86_64 0.0.7 78.00 57.00 135.00 OK
r-oldrel-macos-x86_64 0.0.7 NOTE
r-oldrel-windows-ix86+x86_64 0.0.7 65.00 72.00 137.00 OK

Check Details

Version: 0.0.7
Check: installed package size
Result: NOTE
     installed size is 15.6Mb
     sub-directories of 1Mb or more:
     data 1.3Mb
     libs 14.2Mb
Flavors: r-devel-linux-x86_64-fedora-clang, r-release-macos-arm64, r-release-macos-x86_64, r-oldrel-macos-x86_64

Version: 0.0.7
Check: compiled code
Result: NOTE
    File ‘FastHCS/libs/FastHCS.so’:
     Found no calls to: ‘R_registerRoutines’, ‘R_useDynamicSymbols’
    
    It is good practice to register native routines and to disable symbol
    search.
    
    See ‘Writing portable packages’ in the ‘Writing R Extensions’ manual.
Flavors: r-devel-linux-x86_64-fedora-clang, r-devel-linux-x86_64-fedora-gcc