CRAN Package Check Results for Package FastJM

Last updated on 2024-02-26 23:03:39 CET.

Flavor Version Tinstall Tcheck Ttotal Status Flags
r-devel-linux-x86_64-debian-clang 1.4.1 636.26 141.28 777.54 OK
r-devel-linux-x86_64-debian-gcc 1.4.1 528.55 129.43 657.98 OK
r-devel-linux-x86_64-fedora-clang 1.4.1 1086.85 OK
r-devel-linux-x86_64-fedora-gcc 1.4.1 1261.76 OK
r-devel-windows-x86_64 1.4.1 346.00 171.00 517.00 OK
r-patched-linux-x86_64 1.4.1 570.45 164.08 734.53 OK
r-release-linux-x86_64 1.4.1 598.60 166.75 765.35 OK
r-release-macos-arm64 1.4.1 210.00 NOTE
r-release-macos-x86_64 1.4.1 245.00 NOTE
r-release-windows-x86_64 1.4.1 443.00 206.00 649.00 OK
r-oldrel-macos-arm64 1.4.1 215.00 NOTE
r-oldrel-windows-x86_64 1.4.1 503.00 185.00 688.00 OK

Check Details

Version: 1.4.1
Check: installed package size
Result: NOTE installed size is 35.2Mb sub-directories of 1Mb or more: libs 34.8Mb Flavors: r-release-macos-arm64, r-release-macos-x86_64, r-oldrel-macos-arm64