CRAN Package Check Results for Package FeatureTerminatoR

Last updated on 2022-01-17 22:54:37 CET.

Flavor Version Tinstall Tcheck Ttotal Status Flags
r-devel-linux-x86_64-debian-clang 1.0.0 12.76 141.98 154.74 OK
r-devel-linux-x86_64-debian-gcc 1.0.0 11.13 108.39 119.52 OK
r-devel-linux-x86_64-fedora-clang 1.0.0 187.22 NOTE
r-devel-linux-x86_64-fedora-gcc 1.0.0 174.42 NOTE
r-devel-windows-x86_64-new-UL 1.0.0 47.00 162.00 209.00 OK
r-devel-windows-x86_64-new-TK 1.0.0 NOTE
r-patched-linux-x86_64 1.0.0 11.90 132.18 144.08 OK
r-release-linux-x86_64 1.0.0 OK
r-release-macos-arm64 1.0.0 NOTE
r-release-macos-x86_64 1.0.0 NOTE
r-release-windows-ix86+x86_64 1.0.0 32.00 158.00 190.00 OK
r-oldrel-macos-x86_64 1.0.0 NOTE
r-oldrel-windows-ix86+x86_64 1.0.0 33.00 157.00 190.00 OK

Check Details

Version: 1.0.0
Check: dependencies in R code
Result: NOTE
    Namespaces in Imports field not imported from:
     ‘e1071’ ‘lattice’ ‘randomForest’ ‘tibble’ ‘utils’
     All declared Imports should be used.
Flavors: r-devel-linux-x86_64-fedora-clang, r-devel-linux-x86_64-fedora-gcc, r-devel-windows-x86_64-new-TK, r-release-macos-arm64, r-release-macos-x86_64, r-oldrel-macos-x86_64