CRAN Package Check Results for Package FindIt

Last updated on 2022-01-28 23:00:35 CET.

Flavor Version Tinstall Tcheck Ttotal Status Flags
r-devel-linux-x86_64-debian-clang 1.2.0 19.51 138.51 158.02 OK
r-devel-linux-x86_64-debian-gcc 1.2.0 14.28 102.66 116.94 OK
r-devel-linux-x86_64-fedora-clang 1.2.0 182.24 OK
r-devel-linux-x86_64-fedora-gcc 1.2.0 174.16 OK
r-devel-windows-x86_64-new-UL 1.2.0 45.00 147.00 192.00 OK
r-devel-windows-x86_64-new-TK 1.2.0 ERROR
r-patched-linux-x86_64 1.2.0 15.22 127.15 142.37 OK
r-release-linux-x86_64 1.2.0 16.30 127.13 143.43 OK
r-release-macos-arm64 1.2.0 OK
r-release-macos-x86_64 1.2.0 OK
r-release-windows-ix86+x86_64 1.2.0 34.00 141.00 175.00 OK
r-oldrel-macos-x86_64 1.2.0 OK
r-oldrel-windows-ix86+x86_64 1.2.0 34.00 139.00 173.00 OK

Check Details

Version: 1.2.0
Check: package dependencies
Result: ERROR
    Package required but not available: 'arm'
    
    See section 'The DESCRIPTION file' in the 'Writing R Extensions'
    manual.
Flavor: r-devel-windows-x86_64-new-TK