CRAN Package Check Results for Package FisPro

Last updated on 2021-12-07 22:59:30 CET.

Flavor Version Tinstall Tcheck Ttotal Status Flags
r-devel-linux-x86_64-debian-clang 1.1 204.02 91.70 295.72 OK
r-devel-linux-x86_64-debian-gcc 1.1 167.73 71.80 239.53 OK
r-devel-linux-x86_64-fedora-clang 1.1 453.75 NOTE
r-devel-linux-x86_64-fedora-gcc 1.1 428.08 OK
r-devel-windows-x86_64-new-UL 1.1 281.00 172.00 453.00 NOTE
r-devel-windows-x86_64-new-TK 1.1 OK
r-devel-windows-x86_64-old 1.1 268.00 125.00 393.00 NOTE
r-patched-linux-x86_64 1.1 199.60 88.86 288.46 OK
r-release-linux-x86_64 1.1 196.07 89.23 285.30 OK
r-release-macos-arm64 1.1 NOTE
r-release-macos-x86_64 1.1 NOTE
r-release-windows-ix86+x86_64 1.1 380.00 163.00 543.00 NOTE
r-oldrel-macos-x86_64 1.1 NOTE
r-oldrel-windows-ix86+x86_64 1.1 529.00 173.00 702.00 NOTE

Check Details

Version: 1.1
Check: installed package size
Result: NOTE
     installed size is 29.9Mb
     sub-directories of 1Mb or more:
     lib 11.7Mb
     libs 17.7Mb
Flavors: r-devel-linux-x86_64-fedora-clang, r-devel-windows-x86_64-new-UL, r-devel-windows-x86_64-old, r-release-macos-arm64, r-release-macos-x86_64, r-release-windows-ix86+x86_64, r-oldrel-macos-x86_64, r-oldrel-windows-ix86+x86_64