CRAN Package Check Results for Package Fiscore

Last updated on 2022-01-24 22:56:27 CET.

Flavor Version Tinstall Tcheck Ttotal Status Flags
r-devel-linux-x86_64-debian-clang 0.1.3 3.75 73.65 77.40 OK
r-devel-linux-x86_64-debian-gcc 0.1.3 3.23 54.94 58.17 OK
r-devel-linux-x86_64-fedora-clang 0.1.3 92.92 NOTE
r-devel-linux-x86_64-fedora-gcc 0.1.3 83.49 NOTE
r-devel-windows-x86_64-new-UL 0.1.3 33.00 109.00 142.00 NOTE
r-devel-windows-x86_64-new-TK 0.1.3 NOTE
r-patched-linux-x86_64 0.1.3 3.48 69.54 73.02 OK
r-release-linux-x86_64 0.1.3 3.48 68.98 72.46 OK
r-release-macos-arm64 0.1.3 NOTE
r-release-macos-x86_64 0.1.3 NOTE
r-release-windows-ix86+x86_64 0.1.3 12.00 92.00 104.00 NOTE
r-oldrel-macos-x86_64 0.1.3 NOTE
r-oldrel-windows-ix86+x86_64 0.1.3 11.00 93.00 104.00 NOTE

Check Details

Version: 0.1.3
Check: installed package size
Result: NOTE
     installed size is 6.8Mb
     sub-directories of 1Mb or more:
     doc 5.8Mb
Flavors: r-devel-linux-x86_64-fedora-clang, r-devel-windows-x86_64-new-UL, r-release-macos-arm64, r-release-macos-x86_64, r-release-windows-ix86+x86_64, r-oldrel-macos-x86_64, r-oldrel-windows-ix86+x86_64

Version: 0.1.3
Check: dependencies in R code
Result: NOTE
    Namespaces in Imports field not imported from:
     ‘knitr’ ‘rmarkdown’
     All declared Imports should be used.
Flavors: r-devel-linux-x86_64-fedora-clang, r-devel-linux-x86_64-fedora-gcc, r-devel-windows-x86_64-new-TK, r-release-macos-arm64, r-release-macos-x86_64, r-oldrel-macos-x86_64