CRAN Package Check Results for Package FishResp

Last updated on 2021-12-04 22:59:34 CET.

Flavor Version Tinstall Tcheck Ttotal Status Flags
r-devel-linux-x86_64-debian-clang 1.1.0 20.72 118.65 139.37 OK
r-devel-linux-x86_64-debian-gcc 1.1.0 15.97 86.59 102.56 OK
r-devel-linux-x86_64-fedora-clang 1.1.0 168.65 NOTE
r-devel-linux-x86_64-fedora-gcc 1.1.0 152.78 OK
r-devel-windows-x86_64-new-UL 1.1.0 36.00 145.00 181.00 NOTE
r-devel-windows-x86_64-new-TK 1.1.0 OK
r-devel-windows-x86_64-old 1.1.0 22.00 96.00 118.00 NOTE
r-patched-linux-x86_64 1.1.0 25.26 104.43 129.69 OK
r-release-linux-x86_64 1.1.0 17.64 104.54 122.18 OK
r-release-macos-arm64 1.1.0 NOTE
r-release-macos-x86_64 1.1.0 NOTE
r-release-windows-ix86+x86_64 1.1.0 35.00 127.00 162.00 NOTE
r-oldrel-macos-x86_64 1.1.0 NOTE
r-oldrel-windows-ix86+x86_64 1.1.0 35.00 132.00 167.00 NOTE

Check Details

Version: 1.1.0
Check: installed package size
Result: NOTE
     installed size is 5.6Mb
     sub-directories of 1Mb or more:
     data 1.4Mb
     extdata 3.8Mb
Flavors: r-devel-linux-x86_64-fedora-clang, r-devel-windows-x86_64-new-UL, r-devel-windows-x86_64-old, r-release-macos-arm64, r-release-macos-x86_64, r-release-windows-ix86+x86_64, r-oldrel-macos-x86_64, r-oldrel-windows-ix86+x86_64