CRAN Package Check Results for Package FlexReg

Last updated on 2022-01-25 22:56:56 CET.

Flavor Version Tinstall Tcheck Ttotal Status Flags
r-devel-linux-x86_64-debian-clang 1.1 1224.27 230.78 1455.05 NOTE
r-devel-linux-x86_64-debian-gcc 1.1 1070.72 238.42 1309.14 NOTE
r-devel-linux-x86_64-fedora-clang 1.1 2089.21 NOTE
r-devel-linux-x86_64-fedora-gcc 1.1 2200.12 NOTE
r-devel-windows-x86_64-new-UL 1.1 752.00 352.00 1104.00 NOTE
r-devel-windows-x86_64-new-TK 1.1 ERROR
r-patched-linux-x86_64 1.1 896.81 271.70 1168.51 NOTE
r-release-linux-x86_64 1.1 876.81 274.44 1151.25 NOTE
r-release-macos-arm64 1.0 NOTE
r-release-macos-x86_64 1.1 NOTE
r-release-windows-ix86+x86_64 1.1 1203.00 9.00 1212.00 ERROR
r-oldrel-macos-x86_64 1.1 NOTE
r-oldrel-windows-ix86+x86_64 1.1 1088.00 8.00 1096.00 ERROR

Check Details

Version: 1.1
Check: for GNU extensions in Makefiles
Result: NOTE
    GNU make is a SystemRequirements.
Flavors: r-devel-linux-x86_64-debian-clang, r-devel-linux-x86_64-debian-gcc, r-devel-linux-x86_64-fedora-clang, r-devel-linux-x86_64-fedora-gcc, r-devel-windows-x86_64-new-UL, r-patched-linux-x86_64, r-release-linux-x86_64, r-release-macos-x86_64, r-oldrel-macos-x86_64

Version: 1.1
Check: installed package size
Result: NOTE
     installed size is 136.9Mb
     sub-directories of 1Mb or more:
     libs 136.2Mb
Flavors: r-devel-linux-x86_64-fedora-clang, r-devel-windows-x86_64-new-UL, r-release-macos-x86_64, r-oldrel-macos-x86_64

Version: 1.1
Check: package dependencies
Result: ERROR
    Package required but not available: 'faraway'
    
    See section 'The DESCRIPTION file' in the 'Writing R Extensions'
    manual.
Flavor: r-devel-windows-x86_64-new-TK

Version: 1.0
Check: installed package size
Result: NOTE
     installed size is 107.2Mb
     sub-directories of 1Mb or more:
     libs 106.6Mb
Flavor: r-release-macos-arm64

Version: 1.0
Check: dependencies in R code
Result: NOTE
    Namespace in Imports field not imported from: ‘rstantools’
     All declared Imports should be used.
Flavor: r-release-macos-arm64

Version: 1.0
Check: for GNU extensions in Makefiles
Result: NOTE
    GNU make is a SystemRequirements.
Flavor: r-release-macos-arm64

Version: 1.1
Check: whether package can be installed
Result: ERROR
    Installation failed.
Flavors: r-release-windows-ix86+x86_64, r-oldrel-windows-ix86+x86_64