CRAN Package Check Results for Package FracKrigingR

Last updated on 2023-09-29 21:53:53 CEST.

Flavor Version Tinstall Tcheck Ttotal Status Flags
r-devel-linux-x86_64-debian-clang 1.0.0 2.27 35.02 37.29 OK
r-devel-linux-x86_64-debian-gcc 1.0.0 1.84 25.03 26.87 OK
r-devel-linux-x86_64-fedora-clang 1.0.0 47.85 NOTE
r-devel-linux-x86_64-fedora-gcc 1.0.0 44.36 NOTE
r-devel-windows-x86_64 1.0.0 4.00 47.00 51.00 OK
r-patched-linux-x86_64 1.0.0 2.41 33.91 36.32 OK
r-release-linux-x86_64 1.0.0 2.27 33.77 36.04 OK
r-release-macos-arm64 1.0.0 18.00 OK
r-release-macos-x86_64 1.0.0 23.00 OK
r-release-windows-x86_64 1.0.0 4.00 49.00 53.00 OK
r-oldrel-macos-arm64 1.0.0 19.00 OK
r-oldrel-macos-x86_64 1.0.0 24.00 NOTE
r-oldrel-windows-x86_64 1.0.0 5.00 53.00 58.00 OK

Check Details

Version: 1.0.0
Check: dependencies in R code
Result: NOTE
    Namespace in Imports field not imported from: ‘psych’
     All declared Imports should be used.
Flavors: r-devel-linux-x86_64-fedora-clang, r-devel-linux-x86_64-fedora-gcc, r-oldrel-macos-x86_64