CRAN Package Check Results for Package FusionLearn

Last updated on 2022-01-16 22:51:13 CET.

Flavor Version Tinstall Tcheck Ttotal Status Flags
r-devel-linux-x86_64-debian-clang 0.1.1 3.11 85.65 88.76 NOTE
r-devel-linux-x86_64-debian-gcc 0.1.1 3.25 68.46 71.71 NOTE
r-devel-linux-x86_64-fedora-clang 0.1.1 109.62 OK
r-devel-linux-x86_64-fedora-gcc 0.1.1 96.77 OK
r-devel-windows-x86_64-new-UL 0.1.1 51.00 114.00 165.00 NOTE
r-devel-windows-x86_64-new-TK 0.1.1 OK
r-patched-linux-x86_64 0.1.1 4.02 82.80 86.82 NOTE
r-release-linux-x86_64 0.1.1 NOTE
r-release-macos-arm64 0.1.1 OK
r-release-macos-x86_64 0.1.1 OK
r-release-windows-ix86+x86_64 0.1.1 8.00 108.00 116.00 NOTE
r-oldrel-macos-x86_64 0.1.1 OK
r-oldrel-windows-ix86+x86_64 0.1.1 8.00 97.00 105.00 NOTE

Check Details

Version: 0.1.1
Check: package vignettes
Result: NOTE
    Package vignette with placeholder title 'Vignette Title':
     'FusionLearn.Rmd'
Flavors: r-devel-linux-x86_64-debian-clang, r-devel-linux-x86_64-debian-gcc, r-devel-windows-x86_64-new-UL, r-patched-linux-x86_64, r-release-linux-x86_64, r-release-windows-ix86+x86_64, r-oldrel-windows-ix86+x86_64