CRAN Package Check Results for Package GALLO

Last updated on 2021-11-28 22:51:15 CET.

Flavor Version Tinstall Tcheck Ttotal Status Flags
r-devel-linux-x86_64-debian-clang 1.3 OK
r-devel-linux-x86_64-debian-gcc 1.3 7.14 82.57 89.71 OK
r-devel-linux-x86_64-fedora-clang 1.3 163.00 NOTE
r-devel-linux-x86_64-fedora-gcc 1.3 150.89 NOTE
r-devel-windows-x86_64-new-UL 1.3 21.00 176.00 197.00 OK
r-devel-windows-x86_64-new-TK 1.3 NOTE
r-devel-windows-x86_64-old 1.3 13.00 122.00 135.00 OK
r-patched-linux-x86_64 1.3 7.71 106.31 114.02 OK
r-patched-solaris-x86 1.3 154.50 NOTE
r-release-linux-x86_64 1.3 7.43 104.99 112.42 OK
r-release-macos-arm64 1.3 NOTE
r-release-macos-x86_64 1.3 NOTE
r-release-windows-ix86+x86_64 1.3 20.00 140.00 160.00 OK
r-oldrel-macos-x86_64 1.3 NOTE
r-oldrel-windows-ix86+x86_64 1.3 19.00 154.00 173.00 OK

Check Details

Version: 1.3
Check: dependencies in R code
Result: NOTE
    Namespaces in Imports field not imported from:
     ‘DT’ ‘webshot’
     All declared Imports should be used.
Flavors: r-devel-linux-x86_64-fedora-clang, r-devel-linux-x86_64-fedora-gcc, r-devel-windows-x86_64-new-TK, r-patched-solaris-x86, r-release-macos-arm64, r-release-macos-x86_64, r-oldrel-macos-x86_64