Last updated on 2022-05-22 22:51:39 CEST.
Flavor | Version | Tinstall | Tcheck | Ttotal | Status | Flags |
---|---|---|---|---|---|---|
r-devel-linux-x86_64-debian-clang | 0.3.0 | 10.64 | 103.42 | 114.06 | NOTE | |
r-devel-linux-x86_64-debian-gcc | 0.3.0 | 9.69 | 77.68 | 87.37 | NOTE | |
r-devel-linux-x86_64-fedora-clang | 0.3.0 | 149.02 | NOTE | |||
r-devel-linux-x86_64-fedora-gcc | 0.3.0 | 142.63 | NOTE | |||
r-devel-windows-x86_64 | 0.3.0 | 24.00 | 114.00 | 138.00 | NOTE | |
r-patched-linux-x86_64 | 0.3.0 | 12.29 | 98.51 | 110.80 | NOTE | |
r-release-linux-x86_64 | 0.3.0 | 11.10 | 97.93 | 109.03 | NOTE | |
r-release-macos-arm64 | 0.3.0 | 34.00 | NOTE | |||
r-release-macos-x86_64 | 0.3.0 | 67.00 | NOTE | |||
r-release-windows-x86_64 | 0.3.0 | 23.00 | 115.00 | 138.00 | NOTE | |
r-oldrel-macos-arm64 | 0.3.0 | 49.00 | NOTE | |||
r-oldrel-macos-x86_64 | 0.3.0 | 72.00 | NOTE | |||
r-oldrel-windows-ix86+x86_64 | 0.3.0 | 25.00 | 107.00 | 132.00 | NOTE |
Version: 0.3.0
Check: LazyData
Result: NOTE
'LazyData' is specified without a 'data' directory
Flavors: r-devel-linux-x86_64-debian-clang, r-devel-linux-x86_64-debian-gcc, r-devel-linux-x86_64-fedora-clang, r-devel-linux-x86_64-fedora-gcc, r-devel-windows-x86_64, r-patched-linux-x86_64, r-release-linux-x86_64, r-release-macos-arm64, r-release-macos-x86_64, r-release-windows-x86_64, r-oldrel-macos-arm64, r-oldrel-macos-x86_64, r-oldrel-windows-ix86+x86_64