CRAN Package Check Results for Package GDELTtools

Last updated on 2021-11-26 23:03:25 CET.

Flavor Version Tinstall Tcheck Ttotal Status Flags
r-devel-linux-x86_64-debian-clang 1.2 3.43 30.28 33.71 NOTE
r-devel-linux-x86_64-debian-gcc 1.2 2.40 24.05 26.45 NOTE
r-devel-linux-x86_64-fedora-clang 1.2 51.80 NOTE
r-devel-linux-x86_64-fedora-gcc 1.5 64.89 OK
r-devel-windows-x86_64-new-UL 1.2 7.00 67.00 74.00 NOTE
r-devel-windows-x86_64-new-TK 1.2 NOTE
r-devel-windows-x86_64-old 1.2 3.00 52.00 55.00 NOTE
r-patched-linux-x86_64 1.2 3.43 29.49 32.92 NOTE
r-patched-solaris-x86 1.5 89.10 OK
r-release-linux-x86_64 1.2 NOTE
r-release-macos-arm64 1.2 NOTE
r-release-macos-x86_64 1.2 NOTE
r-release-windows-ix86+x86_64 1.2 7.00 40.00 47.00 NOTE
r-oldrel-macos-x86_64 1.2 NOTE
r-oldrel-windows-ix86+x86_64 1.2 5.00 52.00 57.00 NOTE

Check Details

Version: 1.2
Check: dependencies in R code
Result: NOTE
    Package in Depends field not imported from: 'tools'
     These packages need to be imported from (in the NAMESPACE file)
     for when this namespace is loaded but not attached.
Flavors: r-devel-linux-x86_64-debian-clang, r-devel-linux-x86_64-debian-gcc, r-devel-linux-x86_64-fedora-clang, r-devel-windows-x86_64-new-UL, r-devel-windows-x86_64-new-TK, r-devel-windows-x86_64-old, r-patched-linux-x86_64, r-release-linux-x86_64, r-release-macos-arm64, r-release-macos-x86_64, r-release-windows-ix86+x86_64, r-oldrel-macos-x86_64, r-oldrel-windows-ix86+x86_64

Version: 1.2
Check: R code for possible problems
Result: NOTE
    DownloadGdelt: no visible global function definition for
     'packageVersion'
    DownloadGdelt: no visible global function definition for
     'download.file'
    GdeltZipToDataframe: no visible global function definition for
     'read.delim'
    GdeltZipToDataframe: no visible global function definition for 'unzip'
    GetSizeOfGDELT: no visible global function definition for 'read.delim'
    IsValidGDELT: no visible global function definition for 'read.delim'
    IsValidGDELT: no visible global function definition for 'md5sum'
    NormEventCounts: no visible global function definition for
     'download.file'
    NormEventCounts: no visible global function definition for 'read.csv'
    Undefined global functions or variables:
     download.file md5sum packageVersion read.csv read.delim unzip
    Consider adding
     importFrom("utils", "download.file", "packageVersion", "read.csv",
     "read.delim", "unzip")
    to your NAMESPACE file.
Flavors: r-devel-linux-x86_64-debian-clang, r-devel-linux-x86_64-debian-gcc, r-devel-linux-x86_64-fedora-clang, r-devel-windows-x86_64-new-UL, r-devel-windows-x86_64-new-TK, r-devel-windows-x86_64-old, r-patched-linux-x86_64, r-release-linux-x86_64, r-release-macos-arm64, r-release-macos-x86_64, r-release-windows-ix86+x86_64, r-oldrel-macos-x86_64, r-oldrel-windows-ix86+x86_64