CRAN Package Check Results for Package GEInter

Last updated on 2022-01-28 23:00:36 CET.

Flavor Version Tinstall Tcheck Ttotal Status Flags
r-devel-linux-x86_64-debian-clang 0.3.1 12.34 119.21 131.55 OK
r-devel-linux-x86_64-debian-gcc 0.3.1 9.32 87.55 96.87 OK
r-devel-linux-x86_64-fedora-clang 0.3.1 156.46 NOTE
r-devel-linux-x86_64-fedora-gcc 0.3.1 150.35 NOTE
r-devel-windows-x86_64-new-UL 0.3.1 63.00 141.00 204.00 OK
r-devel-windows-x86_64-new-TK 0.3.1 NOTE
r-patched-linux-x86_64 0.3.1 10.77 108.33 119.10 OK
r-release-linux-x86_64 0.3.1 8.86 105.70 114.56 OK
r-release-macos-arm64 0.3.1 NOTE
r-release-macos-x86_64 0.3.1 NOTE
r-release-windows-ix86+x86_64 0.3.1 24.00 129.00 153.00 OK
r-oldrel-macos-x86_64 0.3.1 NOTE
r-oldrel-windows-ix86+x86_64 0.3.1 24.00 128.00 152.00 OK

Check Details

Version: 0.3.1
Check: dependencies in R code
Result: NOTE
    Namespace in Imports field not imported from: ‘survAUC’
     All declared Imports should be used.
Flavors: r-devel-linux-x86_64-fedora-clang, r-devel-linux-x86_64-fedora-gcc, r-devel-windows-x86_64-new-TK, r-release-macos-arm64, r-release-macos-x86_64, r-oldrel-macos-x86_64