CRAN Package Check Results for Package GENEAread

Last updated on 2022-01-24 22:56:28 CET.

Flavor Version Tinstall Tcheck Ttotal Status Flags
r-devel-linux-x86_64-debian-clang 2.0.9 7.14 47.91 55.05 NOTE
r-devel-linux-x86_64-debian-gcc 2.0.9 4.44 37.10 41.54 NOTE
r-devel-linux-x86_64-fedora-clang 2.0.9 67.22 NOTE
r-devel-linux-x86_64-fedora-gcc 2.0.9 56.52 NOTE
r-devel-windows-x86_64-new-UL 2.0.9 78.00 69.00 147.00 NOTE
r-devel-windows-x86_64-new-TK 2.0.9 NOTE
r-patched-linux-x86_64 2.0.9 5.88 47.74 53.62 NOTE
r-release-linux-x86_64 2.0.9 4.74 46.49 51.23 NOTE
r-release-macos-arm64 2.0.9 NOTE
r-release-macos-x86_64 2.0.9 NOTE
r-release-windows-ix86+x86_64 2.0.9 11.00 55.00 66.00 NOTE
r-oldrel-macos-x86_64 2.0.9 OK
r-oldrel-windows-ix86+x86_64 2.0.9 12.00 55.00 67.00 OK

Check Details

Version: 2.0.9
Check: LazyData
Result: NOTE
     'LazyData' is specified without a 'data' directory
Flavors: r-devel-linux-x86_64-debian-clang, r-devel-linux-x86_64-debian-gcc, r-devel-linux-x86_64-fedora-clang, r-devel-linux-x86_64-fedora-gcc, r-devel-windows-x86_64-new-UL, r-devel-windows-x86_64-new-TK, r-patched-linux-x86_64, r-release-linux-x86_64, r-release-macos-arm64, r-release-macos-x86_64, r-release-windows-ix86+x86_64