CRAN Package Check Results for Package GFD

Last updated on 2021-11-26 23:03:26 CET.

Flavor Version Tinstall Tcheck Ttotal Status Flags
r-devel-linux-x86_64-debian-clang 0.3.2 5.64 66.50 72.14 OK
r-devel-linux-x86_64-debian-gcc 0.3.2 5.20 51.17 56.37 OK
r-devel-linux-x86_64-fedora-clang 0.3.2 99.48 NOTE
r-devel-linux-x86_64-fedora-gcc 0.3.2 87.48 OK
r-devel-windows-x86_64-new-UL 0.3.2 14.00 116.00 130.00 OK
r-devel-windows-x86_64-new-TK 0.3.2 OK
r-devel-windows-x86_64-old 0.3.2 9.00 82.00 91.00 OK
r-patched-linux-x86_64 0.3.2 6.36 64.35 70.71 OK
r-patched-solaris-x86 0.3.2 108.40 OK
r-release-linux-x86_64 0.3.2 OK
r-release-macos-arm64 0.3.2 WARN
r-release-macos-x86_64 0.3.2 OK
r-release-windows-ix86+x86_64 0.3.2 14.00 94.00 108.00 OK
r-oldrel-macos-x86_64 0.3.2 OK
r-oldrel-windows-ix86+x86_64 0.3.2 24.00 94.00 118.00 OK

Check Details

Version: 0.3.2
Check: package dependencies
Result: NOTE
    Suggests orphaned package: ‘RGtk2’
Flavor: r-devel-linux-x86_64-fedora-clang

Version: 0.3.2
Check: package dependencies
Result: NOTE
    Package suggested but not available for checking: ‘RGtk2’
Flavor: r-release-macos-arm64

Version: 0.3.2
Check: re-building of vignette outputs
Result: WARN
    Error(s) in re-building vignettes:
     ...
    --- re-building ‘IntroductionToGFD.Rmd’ using rmarkdown
    Quitting from lines 106-107 (IntroductionToGFD.Rmd)
    Error: processing vignette 'IntroductionToGFD.Rmd' failed with diagnostics:
    The GUI cannot be used without packages RGtk2.
    --- failed re-building ‘IntroductionToGFD.Rmd’
    
    SUMMARY: processing the following file failed:
     ‘IntroductionToGFD.Rmd’
    
    Error: Vignette re-building failed.
    Execution halted
Flavor: r-release-macos-arm64