CRAN Package Check Results for Package GGally

Last updated on 2021-12-04 22:59:35 CET.

Flavor Version Tinstall Tcheck Ttotal Status Flags
r-devel-linux-x86_64-debian-clang 2.1.2 14.74 337.47 352.21 OK
r-devel-linux-x86_64-debian-gcc 2.1.2 12.75 239.53 252.28 OK
r-devel-linux-x86_64-fedora-clang 2.1.2 412.34 NOTE
r-devel-linux-x86_64-fedora-gcc 2.1.2 433.88 OK
r-devel-windows-x86_64-new-UL 2.1.2 38.00 359.00 397.00 OK
r-devel-windows-x86_64-new-TK 2.1.2 OK
r-devel-windows-x86_64-old 2.1.2 22.00 270.00 292.00 OK
r-patched-linux-x86_64 2.1.2 14.43 298.62 313.05 OK
r-release-linux-x86_64 2.1.2 13.64 301.14 314.78 OK
r-release-macos-arm64 2.1.2 OK
r-release-macos-x86_64 2.1.2 OK
r-release-windows-ix86+x86_64 2.1.2 31.00 367.00 398.00 OK
r-oldrel-macos-x86_64 2.1.2 OK
r-oldrel-windows-ix86+x86_64 2.1.2 28.00 352.00 380.00 OK

Check Details

Version: 2.1.2
Check: Rd cross-references
Result: NOTE
    Undeclared packages ‘glue’, ‘magrittr’ in Rd xrefs
Flavor: r-devel-linux-x86_64-fedora-clang