CRAN Package Check Results for Package GIFT

Last updated on 2024-02-27 23:08:14 CET.

Flavor Version Tinstall Tcheck Ttotal Status Flags
r-devel-linux-x86_64-debian-clang 1.3.1 16.72 198.62 215.34 OK
r-devel-linux-x86_64-debian-gcc 1.3.1 13.43 146.19 159.62 OK
r-devel-linux-x86_64-fedora-clang 1.3.2 138.77 NOTE
r-devel-linux-x86_64-fedora-gcc 1.3.2 145.50 OK
r-devel-windows-x86_64 1.3.1 16.00 168.00 184.00 NOTE
r-patched-linux-x86_64 1.3.1 11.80 191.39 203.19 OK
r-release-linux-x86_64 1.3.1 13.45 189.48 202.93 OK
r-release-macos-arm64 1.3.2 349.00 NOTE
r-release-macos-x86_64 1.3.2 480.00 NOTE
r-release-windows-x86_64 1.3.1 20.00 207.00 227.00 NOTE
r-oldrel-macos-arm64 1.3.2 338.00 NOTE
r-oldrel-windows-x86_64 1.3.1 24.00 207.00 231.00 NOTE

Check Details

Version: 1.3.2
Check: installed package size
Result: NOTE installed size is 6.1Mb sub-directories of 1Mb or more: doc 3.4Mb help 2.6Mb Flavors: r-devel-linux-x86_64-fedora-clang, r-release-macos-arm64, r-release-macos-x86_64, r-oldrel-macos-arm64

Version: 1.3.1
Check: installed package size
Result: NOTE installed size is 6.1Mb sub-directories of 1Mb or more: doc 3.3Mb help 2.5Mb Flavors: r-devel-windows-x86_64, r-release-windows-x86_64, r-oldrel-windows-x86_64