CRAN Package Check Results for Package GMKMcharlie

Last updated on 2022-01-16 22:51:14 CET.

Flavor Version Tinstall Tcheck Ttotal Status Flags
r-devel-linux-x86_64-debian-clang 1.1.5 171.30 69.43 240.73 NOTE
r-devel-linux-x86_64-debian-gcc 1.1.5 120.15 58.39 178.54 NOTE
r-devel-linux-x86_64-fedora-clang 1.1.5 351.08 NOTE
r-devel-linux-x86_64-fedora-gcc 1.1.5 325.45 NOTE
r-devel-windows-x86_64-new-UL 1.1.5 162.00 119.00 281.00 NOTE
r-devel-windows-x86_64-new-TK 1.1.5 NOTE
r-patched-linux-x86_64 1.1.5 163.17 68.44 231.61 NOTE
r-release-linux-x86_64 1.1.5 NOTE
r-release-macos-arm64 1.1.5 NOTE
r-release-macos-x86_64 1.1.5 NOTE
r-release-windows-ix86+x86_64 1.1.5 385.00 155.00 540.00 NOTE
r-oldrel-macos-x86_64 1.1.5 NOTE
r-oldrel-windows-ix86+x86_64 1.1.5 383.00 153.00 536.00 NOTE

Check Details

Version: 1.1.5
Check: for GNU extensions in Makefiles
Result: NOTE
    GNU make is a SystemRequirements.
Flavors: r-devel-linux-x86_64-debian-clang, r-devel-linux-x86_64-debian-gcc, r-devel-linux-x86_64-fedora-clang, r-devel-linux-x86_64-fedora-gcc, r-devel-windows-x86_64-new-UL, r-devel-windows-x86_64-new-TK, r-patched-linux-x86_64, r-release-linux-x86_64, r-release-macos-arm64, r-release-macos-x86_64, r-release-windows-ix86+x86_64, r-oldrel-macos-x86_64, r-oldrel-windows-ix86+x86_64

Version: 1.1.5
Check: installed package size
Result: NOTE
     installed size is 10.8Mb
     sub-directories of 1Mb or more:
     libs 10.6Mb
Flavors: r-devel-linux-x86_64-fedora-clang, r-release-macos-arm64, r-release-macos-x86_64, r-oldrel-macos-x86_64