CRAN Package Check Results for Package GOCompare

Last updated on 2022-07-04 22:59:13 CEST.

Flavor Version Tinstall Tcheck Ttotal Status Flags
r-devel-linux-x86_64-debian-clang 1.0.1 15.56 128.45 144.01 OK
r-devel-linux-x86_64-debian-gcc 1.0.1 13.26 96.68 109.94 OK
r-devel-linux-x86_64-fedora-clang 1.0.1 183.24 NOTE
r-devel-linux-x86_64-fedora-gcc 1.0.1 182.21 NOTE
r-devel-windows-x86_64 1.0.1 42.00 171.00 213.00 OK
r-patched-linux-x86_64 1.0.1 14.16 120.67 134.83 OK
r-release-linux-x86_64 1.0.1 14.07 122.39 136.46 OK
r-release-macos-arm64 1.0.1 58.00 NOTE
r-release-macos-x86_64 1.0.1 88.00 NOTE
r-release-windows-x86_64 1.0.1 43.00 179.00 222.00 OK
r-oldrel-macos-arm64 1.0.1 56.00 NOTE
r-oldrel-macos-x86_64 1.0.1 79.00 NOTE
r-oldrel-windows-ix86+x86_64 1.0.1 34.00 168.00 202.00 OK

Check Details

Version: 1.0.1
Check: dependencies in R code
Result: NOTE
    Namespaces in Imports field not imported from:
     ‘base’ ‘methods’
     All declared Imports should be used.
Flavors: r-devel-linux-x86_64-fedora-clang, r-devel-linux-x86_64-fedora-gcc, r-release-macos-arm64, r-release-macos-x86_64, r-oldrel-macos-arm64, r-oldrel-macos-x86_64