CRAN Package Check Results for Package GREMLINS

Last updated on 2022-05-17 22:51:28 CEST.

Flavor Version Tinstall Tcheck Ttotal Status Flags
r-devel-linux-x86_64-debian-clang 0.2.0 14.10 179.65 193.75 OK
r-devel-linux-x86_64-debian-gcc 0.2.0 9.67 125.91 135.58 OK
r-devel-linux-x86_64-fedora-clang 0.2.0 237.74 NOTE
r-devel-linux-x86_64-fedora-gcc 0.2.0 227.69 NOTE
r-devel-windows-x86_64 0.2.0 27.00 258.00 285.00 OK
r-patched-linux-x86_64 0.2.0 14.38 166.24 180.62 OK
r-release-linux-x86_64 0.2.0 12.81 165.21 178.02 OK
r-release-macos-arm64 0.2.0 54.00 NOTE
r-release-macos-x86_64 0.2.0 85.00 NOTE
r-release-windows-x86_64 0.2.0 31.00 255.00 286.00 OK
r-oldrel-macos-arm64 0.2.0 65.00 NOTE
r-oldrel-macos-x86_64 0.2.0 119.00 NOTE
r-oldrel-windows-ix86+x86_64 0.2.0 24.00 313.00 337.00 OK

Check Details

Version: 0.2.0
Check: dependencies in R code
Result: NOTE
    Namespace in Imports field not imported from: ‘mclust’
     All declared Imports should be used.
Flavors: r-devel-linux-x86_64-fedora-clang, r-devel-linux-x86_64-fedora-gcc, r-release-macos-arm64, r-release-macos-x86_64, r-oldrel-macos-arm64, r-oldrel-macos-x86_64